{"version":"1.0","provider_name":"Monis Motivklingel","provider_url":"https:\/\/www.andrae.org\/podcast","author_name":"Moni","author_url":"https:\/\/www.andrae.org\/podcast\/author\/moni\/","title":"#43 - Abrechnung mit Bruchrechnung - Monis Motivklingel","type":"rich","width":600,"height":338,"html":"<blockquote class=\"wp-embedded-content\" data-secret=\"kbbYFNpIvv\"><a href=\"https:\/\/www.andrae.org\/podcast\/2011\/10\/03\/43-abrechnung-mit-bruchrechnung\/\">#43 &#8211; Abrechnung mit Bruchrechnung<\/a><\/blockquote><iframe sandbox=\"allow-scripts\" security=\"restricted\" src=\"https:\/\/www.andrae.org\/podcast\/2011\/10\/03\/43-abrechnung-mit-bruchrechnung\/embed\/#?secret=kbbYFNpIvv\" width=\"600\" height=\"338\" title=\"&#8220;#43 &#8211; Abrechnung mit Bruchrechnung&#8221; &#8212; Monis Motivklingel\" data-secret=\"kbbYFNpIvv\" frameborder=\"0\" marginwidth=\"0\" marginheight=\"0\" scrolling=\"no\" class=\"wp-embedded-content\"><\/iframe><script type=\"text\/javascript\">\n\/* <![CDATA[ *\/\n\/*! This file is auto-generated *\/\n!function(d,l){\"use strict\";l.querySelector&&d.addEventListener&&\"undefined\"!=typeof URL&&(d.wp=d.wp||{},d.wp.receiveEmbedMessage||(d.wp.receiveEmbedMessage=function(e){var t=e.data;if((t||t.secret||t.message||t.value)&&!\/[^a-zA-Z0-9]\/.test(t.secret)){for(var s,r,n,a=l.querySelectorAll('iframe[data-secret=\"'+t.secret+'\"]'),o=l.querySelectorAll('blockquote[data-secret=\"'+t.secret+'\"]'),c=new RegExp(\"^https?:$\",\"i\"),i=0;i<o.length;i++)o[i].style.display=\"none\";for(i=0;i<a.length;i++)s=a[i],e.source===s.contentWindow&&(s.removeAttribute(\"style\"),\"height\"===t.message?(1e3<(r=parseInt(t.value,10))?r=1e3:~~r<200&&(r=200),s.height=r):\"link\"===t.message&&(r=new URL(s.getAttribute(\"src\")),n=new URL(t.value),c.test(n.protocol))&&n.host===r.host&&l.activeElement===s&&(d.top.location.href=t.value))}},d.addEventListener(\"message\",d.wp.receiveEmbedMessage,!1),l.addEventListener(\"DOMContentLoaded\",function(){for(var e,t,s=l.querySelectorAll(\"iframe.wp-embedded-content\"),r=0;r<s.length;r++)(t=(e=s[r]).getAttribute(\"data-secret\"))||(t=Math.random().toString(36).substring(2,12),e.src+=\"#?secret=\"+t,e.setAttribute(\"data-secret\",t)),e.contentWindow.postMessage({message:\"ready\",secret:t},\"*\")},!1)))}(window,document);\n\/* ]]> *\/\n<\/script>\n","description":"Die heutige Folge macht den Anfang bzw. die Einleitung f\u00fcr die ein oder andere Episode zum Thema Komposition. Es geht um die Frage \"Was ist eigentlich Komposition?\" bzw. \"Was geh\u00f6rt eigentlich alles dazu?\" und die Frage, ob man dazu eigentlich Regeln aufstellen kann, sollte oder darf.  Anregung bzw. Inhalt f\u00fcr diese Folge lieferte rege H\u00f6rerbeteiligung auf Google+. H\u00f6rer gestalten Podcasts sozusagen. ;-) Read More","thumbnail_url":"http:\/\/farm7.static.flickr.com\/6143\/5930989499_f1c00d14e2.jpg"}

Die heutige Folge macht den Anfang bzw. die Einleitung für die ein oder andere Episode zum Thema Komposition. Es geht um die Frage "Was ist eigentlich Komposition?" bzw. "Was gehört eigentlich alles dazu?" und die Frage, ob man dazu eigentlich Regeln aufstellen kann, sollte oder darf.  Anregung bzw. Inhalt für diese Folge lieferte rege Hörerbeteiligung auf Google+. Hörer gestalten Podcasts sozusagen. ;-) Read More
