{"version":"1.0","provider_name":"Monis Motivklingel","provider_url":"https:\/\/www.andrae.org\/podcast","author_name":"Moni","author_url":"https:\/\/www.andrae.org\/podcast\/author\/moni\/","title":"#4 - Gar nicht scharf - Monis Motivklingel","type":"rich","width":600,"height":338,"html":"<blockquote class=\"wp-embedded-content\" data-secret=\"BxEN9Hm9Z4\"><a href=\"https:\/\/www.andrae.org\/podcast\/2009\/07\/02\/4-gar-nicht-scharf\/\">#4 &#8211; Gar nicht scharf<\/a><\/blockquote><iframe sandbox=\"allow-scripts\" security=\"restricted\" src=\"https:\/\/www.andrae.org\/podcast\/2009\/07\/02\/4-gar-nicht-scharf\/embed\/#?secret=BxEN9Hm9Z4\" width=\"600\" height=\"338\" title=\"&#8220;#4 &#8211; Gar nicht scharf&#8221; &#8212; Monis Motivklingel\" data-secret=\"BxEN9Hm9Z4\" frameborder=\"0\" marginwidth=\"0\" marginheight=\"0\" scrolling=\"no\" class=\"wp-embedded-content\"><\/iframe><script type=\"text\/javascript\">\n\/* <![CDATA[ *\/\n\/*! This file is auto-generated *\/\n!function(d,l){\"use strict\";l.querySelector&&d.addEventListener&&\"undefined\"!=typeof URL&&(d.wp=d.wp||{},d.wp.receiveEmbedMessage||(d.wp.receiveEmbedMessage=function(e){var t=e.data;if((t||t.secret||t.message||t.value)&&!\/[^a-zA-Z0-9]\/.test(t.secret)){for(var s,r,n,a=l.querySelectorAll('iframe[data-secret=\"'+t.secret+'\"]'),o=l.querySelectorAll('blockquote[data-secret=\"'+t.secret+'\"]'),c=new RegExp(\"^https?:$\",\"i\"),i=0;i<o.length;i++)o[i].style.display=\"none\";for(i=0;i<a.length;i++)s=a[i],e.source===s.contentWindow&&(s.removeAttribute(\"style\"),\"height\"===t.message?(1e3<(r=parseInt(t.value,10))?r=1e3:~~r<200&&(r=200),s.height=r):\"link\"===t.message&&(r=new URL(s.getAttribute(\"src\")),n=new URL(t.value),c.test(n.protocol))&&n.host===r.host&&l.activeElement===s&&(d.top.location.href=t.value))}},d.addEventListener(\"message\",d.wp.receiveEmbedMessage,!1),l.addEventListener(\"DOMContentLoaded\",function(){for(var e,t,s=l.querySelectorAll(\"iframe.wp-embedded-content\"),r=0;r<s.length;r++)(t=(e=s[r]).getAttribute(\"data-secret\"))||(t=Math.random().toString(36).substring(2,12),e.src+=\"#?secret=\"+t,e.setAttribute(\"data-secret\",t)),e.contentWindow.postMessage({message:\"ready\",secret:t},\"*\")},!1)))}(window,document);\n\/* ]]> *\/\n<\/script>\n","description":"Wenn man durch Foren, Fotob\u00fccher oder \u00c4hnliches st\u00f6bert, lernt man eines sehr schnell: Ein Foto hat an den richtigen Stellen scharf zu sein. Wobei \"an den richtigen Stellen\" \u00e4u\u00dferst dehnbar ist. F\u00fcr manche geht es soweit, dass m\u00f6glichst das ganze Bild von vorne bis hinten scharf sein muss - f\u00fcr andere m\u00fcssen zumindest bildwichtige Teile in der Sch\u00e4rfeebene liegen.  Ich mache mich heute einmal bei \"manchen\" und \"anderen\" unbeliebt und breche eine Lanze f\u00fcr totale Unsch\u00e4rfe. Read More","thumbnail_url":"https:\/\/www.andrae.org\/podcast\/wp-content\/uploads\/2009\/07\/Giguere_Untitled_18.jpg","thumbnail_width":"500","thumbnail_height":"334"}

Wenn man durch Foren, Fotobücher oder Ähnliches stöbert, lernt man eines sehr schnell: Ein Foto hat an den richtigen Stellen scharf zu sein. Wobei "an den richtigen Stellen" äußerst dehnbar ist. Für manche geht es soweit, dass möglichst das ganze Bild von vorne bis hinten scharf sein muss - für andere müssen zumindest bildwichtige Teile in der Schärfeebene liegen.  Ich mache mich heute einmal bei "manchen" und "anderen" unbeliebt und breche eine Lanze für totale Unschärfe. Read More
